factor of 48?
True
Does 45 divide 11605?
False
Is 18 a factor of 2584?
False
Is 834 a multiple of 14?
False
Is 32475 a multiple of 433?
True
Is 3542 a multiple of 44?
False
Is 11858 a multiple of 22?
True
Is 11 a factor of 594?
True
Does 11 divide 2959?
True
Does 210 divide 9660?
True
Is 4563 a multiple of 15?
False
Is 16578 a multiple of 19?
False
Is 111 a factor of 1901?
False
Is 27 a multiple of 11?
False
Does 47 divide 517?
True
Is 77 a factor of 3850?
True
Is 6 a factor of 5668?
False
Does 7 divide 7007?
True
Is 80 a factor of 2080?
True
Is 128 a factor of 6804?
False
Is 99 a factor of 5346?
True
Is 47 a factor of 1974?
True
Is 8821 a multiple of 20?
False
Is 142 a factor of 3517?
False
Does 37 divide 115?
False
Does 159 divide 318?
True
Does 33 divide 57783?
True
Is 10115 a multiple of 7?
True
Is 29 a factor of 348?
True
Is 1529 a multiple of 32?
False
Is 187 a multiple of 3?
False
Does 11 divide 18800?
False
Does 100 divide 500?
True
Does 69 divide 4116?
False
Does 60 divide 18780?
True
Is 19 a factor of 684?
True
Is 35 a factor of 280?
True
Is 42 a factor of 16758?
True
Is 252 a multiple of 6?
True
Is 1404 a multiple of 13?
True
Is 5 a factor of 3595?
True
Is 1947 a multiple of 33?
True
Is 5 a factor of 2900?
True
Is 5 a factor of 3545?
True
Does 361 divide 20216?
True
Is 31 a factor of 1267?
False
Is 656 a multiple of 41?
True
Is 3514 a multiple of 43?
False
Is 95 a factor of 4507?
False
Is 173 a factor of 9666?
False
Does 9 divide 279?
True
Is 99328 a multiple of 32?
True
Does 88 divide 9680?
True
Is 25 a multiple of 10?
False
Is 4462 a multiple of 130?
False
Is 16339 a multiple of 9?
False
Is 9164 a multiple of 12?
False
Is 1755 a multiple of 13?
True
Is 10873 a multiple of 83?
True
Is 7848 a multiple of 65?
False
Does 13 divide 13?
True
Is 21 a factor of 1281?
True
Does 5 divide 355?
True
Is 23 a multiple of 4?
False
Does 38 divide 44150?
False
Is 2023 a multiple of 3?
False
Does 50 divide 2150?
True
Is 42672 a multiple of 19?
False
Is 520 a multiple of 39?
False
Does 35 divide 522?
False
Is 30212 a multiple of 14?
True
Is 86 a factor of 66134?
True
Is 29234 a multiple of 47?
True
Is 3608 a multiple of 132?
False
Is 11 a factor of 901?
False
Is 50 a factor of 181?
False
Does 26 divide 304?
False
Is 1670 a multiple of 34?
False
Does 5 divide 3060?
True
Does 25 divide 2025?
True
Is 722 a multiple of 5?
False
Does 5 divide 940?
True
Is 4449 a multiple of 11?
False
Does 89 divide 8188?
True
Is 323 a multiple of 4?
False
Is 20 a factor of 4360?
True
Is 18 a factor of 23376?
False
Is 19 a factor of 1761?
False
Is 11 a factor of 72?
False
Is 29881 a multiple of 17?
False
Is 31087 a multiple of 31?
False
Is 4554 a multiple of 66?
True
Is 12 a factor of 14771?
False
Is 3234 a multiple of 6?
True
Is 93 even?
False
Is 4144 a multiple of 37?
True
Does 121 divide 51626?
False
Does 29 divide 5926?
False
Is 63 a multiple of 7?
True
Is 1755 a multiple of 65?
True
Does 80 divide 1158?
False
Is 16 a factor of 245?
False
Does 6 divide 71?
False
Is 1957 a multiple of 16?
False
Does 11 divide 1067?
True
Is 4 a factor of 83?
False
Is 6610 a multiple of 35?
False
Is 2295 a multiple of 9?
True
Is 6537 a multiple of 8?
False
Does 13 divide 3933?
False
Is 48 a factor of 1029?
False
Is 22 a factor of 3278?
True
Is 195 a factor of 87656?
False
Does 2 divide 524?
True
Is 88 a factor of 34848?
True
Does 152 divide 7666?
False
Does 22 divide 101130?
False
Is 4545 a multiple of 17?
False
Is 114 a factor of 146842?
False
Does 8 divide 8608?
True
Is 102855 a multiple of 55?
False
Is 57 a factor of 2508?
True
Does 2 divide 137?
False
Does 126 divide 1260?
True
Is 87 a factor of 2551?
False
Is 1992 a multiple of 12?
True
Is 115 a factor of 7212?
False
Is 55828 a multiple of 51?
False
Is 15 a factor of 18075?
True
Is 123 a factor of 4299?
False
Is 420 a multiple of 55?
False
Is 1034 a multiple of 11?
True
Does 89 divide 7520?
False
Is 13 even?
False
Is 18 a factor of 912?
False
Is 92 a factor of 9224?
False
Is 45133 a multiple of 298?
False
Is 7501 a multiple of 103?
False
Does 17 divide 14231?
False
Does 161 divide 6609?
False
Is 58 a multiple of 14?
False
Is 66 a factor of 132?
True
Does 26 divide 5330?
True
Does 52 divide 5720?
True
Is 12 a factor of 10812?
True
Is 21 a factor of 109444?
False
Is 33920 a multiple of 212?
True
Is 1041 a multiple of 64?
False
Is 776 a multiple of 7?
False
Is 2 a factor of 19?
False
Is 915 a multiple of 15?
True
Does 20 divide 11180?
True
Is 37 a factor of 7027?
False
Is 59 a factor of 327?
False
Is 785 a multiple of 5?
True
Is 31 a factor of 31?
True
Does 69 divide 69?
True
Does 31 divide 24986?
True
Is 2964 a multiple of 26?
True
Is 912 a multiple of 24?
True
Is 18 a factor of 307?
False
Does 22 divide 145?
False
Is 18135 a multiple of 39?
True
Is 185 a factor of 121360?
True
Does 59 divide 1711?
True
Is 75 a factor of 5700?
True
Is 21528 a multiple of 12?
True
Is 554 a multiple of 16?
False
Does 14 divide 182?
True
Is 15 a factor of 3371?
False
Does 8 divide 1544?
True
Does 41 divide 6068?
True
Is 6 a factor of 3182?
False
Is 4419 a multiple of 9?
True
Does 51 divide 1326?
True
Is 20 a factor of 25500?
True
Is 3125 a multiple of 17?
False
Is 745 a multiple of 13?
False
Is 182 a multiple of 20?
False
Is 122 a factor of 82594?
True
Is 1087 a multiple of 4?
False
Is 21 a factor of 1974?
True
Does 15 divide 14010?
True
Is 5 a factor of 2664?
False
Does 52 divide 20904?
True
Is 215 a multiple of 35?
False
Is 53 even?
False
Is 4 a factor of 27084?
True
Does 173 divide 29970?
False
Is 372 a multiple of 62?
True
Is 30 a factor of 72840?
True
Is 2800 a multiple of 28?
True
Is 27166 a multiple of 23?
False
Does 72 divide 9144?
True
Is 6148 a multiple of 85?
False
Is 7 a factor of 491?
False
Does 13 divide 1885?
True
Is 1202 a multiple of 9?
False
Is 20 a factor of 13345?
False
Is 25504 a multiple of 16?
True
Does 108 divide 3440?
False
Is 37950 a multiple of 23?
True
Is 25294 a multiple of 26?
False
Is 56460 a multiple of 60?
True
Does 2 divide 2970?
True
Is 48 a multiple of 24?
True
Is 12 a factor of 18288?
True
Is 1035 a multiple of 23?
True
Is 7408 a multiple of 15?
False
Does 17 divide 1989?
True
Is 20384 a multiple of 91?
True
Is 5 a factor of 6825?
True
Does 5 divide 17?
False
Is 49 a factor of 4018?
True
Is 4160 a multiple of 32?
True
Is 24 a factor of 2219?
False
Does 235 divide 13160?
True
Is 75 a multiple of 3?
True
Does 14 divide 11956?
True
Does 10 divide 43?
False
Is 1154 a multiple of 50?
False
Does 93 divide 16275?
True
Does 3 divide 115?
False
Is 3 a factor of 342?
True
Is 13 a factor of 1365?
True
Is 30 a factor of 3030?
True
Is 185 a factor of 13690?
True
Does 23 divide 12972?
True
Is 19 a factor of 3211?
True
Is 7350 a multiple of 175?
True
Is 1521 a multiple of 9?
True
Is 9163 a multiple of 77?
True
Does 4 divide 324?
True
Is 170 a factor of 5969?
False
Is 2332 a multiple of 106?
True
Is 506 a multiple of 23?
True
Is 19 a factor of 36765?
True
Is 32 a factor of 33542?
False
Is 11 a factor of 7194?
True
Is 626 a multiple of 61?
False
Is 56 a factor of 8062?
False
Is 12 a factor of 84?
True
Is 567 a multiple of 11?
False
Does 20 divide 2580?
True
Is 1420 a multiple of 4?
True
Is 3483 a multiple of 115?
False
Does 19 divide 608?
True
Is 35 a factor of 420?
True
Does 52 divide 1040?
True
Does 60 divide 1306?
False
Is 4153 a multiple of 18?
False
Is 2 a factor of 99?
False
Is 360 a multiple of 72?
True
Is 20 a factor of 920?
True
Is 3920 a multiple of 98?
True
Is 10 a factor of 10475?
False
Is 3689 a multiple of 31?
True
Is 160 a multiple of 10?
True
Does 52 divide 1520?
False
Is 4 a factor of 9609?
False
Is 4212 a multiple of 27?
True
Is 363 a multiple of 47?
False
Is 31 a factor of 1178?
True
Is 450 a multiple of 2?
True
Is 25 a factor of 17825?
True
Does 36 divide 6156?
True
Is 76 a factor of 3876?
True
Does 37 divide 333?
True
Is 7219 a multiple of 5?
False
Is 216 a factor of 6696?
True
Does 14 divide 644?
True
Does 18 divide 560?
False
Is 1708 a multiple of 61?
True
Is 14 a factor of 6090?
True
Is 19150 a multiple of 25?
True
Is 14 a factor of 6944?
True
Is 5 a factor of 408?
False
Does 54 divide 20088?
True
Is 5646 a multiple of 95?
False
Does 99 divide 464?
False
Is 9 a factor of 540?
True
Is 12 a factor of 98?
Fal